{"id":33,"date":"2017-01-09T21:11:48","date_gmt":"2017-01-09T20:11:48","guid":{"rendered":"http:\/\/le-rohan.fr\/cinewp4\/?page_id=33"},"modified":"2017-01-09T21:14:38","modified_gmt":"2017-01-09T20:14:38","slug":"le-cinema","status":"publish","type":"page","link":"http:\/\/le-rohan.fr\/cinewp4\/le-cinema\/","title":{"rendered":"le cin\u00e9ma"},"content":{"rendered":"<h2><strong>Les Caract\u00e9ristiques<\/strong><\/h2>\n<div id=\"content\">\n<div class=\"box\">\n<div class=\"border-right\">\n<div class=\"border-left\">\n<div class=\"inner\">\n<p>Nombre de salles : 2<\/p>\n<p>Nombre de fauteuils : 394<\/p>\n<p>\u00e9quipement en num\u00e9rique et en 3D dans les deux salles<\/p>\n<p>Comptoir confiserie : Oui<\/p>\n<p>Acc\u00e8s aux personnes \u00e0 mobilit\u00e9 r\u00e9duite<\/p>\n<p>&nbsp;<\/p>\n<h2><strong>Plan d&rsquo;acc\u00e8s<\/strong><\/h2>\n<p><center><br \/>\n<iframe loading=\"lazy\" src=\"http:\/\/maps.google.fr\/maps?f=q&amp;source=s_q&amp;hl=fr&amp;geocode=&amp;q=3,+av.+Foch+-+29400+LANDIVISIAU+&amp;sll=48.510968,-4.068482&amp;sspn=0.004265,0.010568&amp;ie=UTF8&amp;hq=&amp;hnear=3+Avenue+du+Mar%C3%A9chal+Foch,+29400+Landivisiau,+Finist%C3%A8re,+Bretagne&amp;ll=48.512738,-4.069147&amp;spn=0.027292,0.054932&amp;z=14&amp;iwloc=A&amp;output=embed\" width=\"640\" height=\"480\" frameborder=\"0\" marginwidth=\"0\" marginheight=\"0\" scrolling=\"no\"><\/iframe><br \/>\n<small><a style=\"color: #ffffff; text-align: left;\" href=\"http:\/\/maps.google.fr\/maps?f=q&amp;source=embed&amp;hl=fr&amp;geocode=&amp;q=3,+av.+Foch+-+29400+LANDIVISIAU+&amp;sll=48.510968,-4.068482&amp;sspn=0.004265,0.010568&amp;ie=UTF8&amp;hq=&amp;hnear=3+Avenue+du+Mar%C3%A9chal+Foch,+29400+Landivisiau,+Finist%C3%A8re,+Bretagne&amp;ll=48.512738,-4.069147&amp;spn=0.027292,0.054932&amp;z=14&amp;iwloc=A\" target=\"\">Agrandir le plan<\/a><\/small><\/center>&nbsp;<\/p>\n<h2><strong>L&rsquo; historique<\/strong><\/h2>\n<p>Cr\u00e9ation en 1984, deux salles.<\/p>\n<p>Les deux salles sont r\u00e9nov\u00e9es en 2007.<\/p>\n<p>Installation de projecteurs num\u00e9riques 3D en 2009.<\/p>\n<\/div>\n<\/div>\n<\/div>\n<\/div>\n<\/div>\n","protected":false},"excerpt":{"rendered":"<p>Les Caract\u00e9ristiques Nombre de salles : 2 Nombre de fauteuils : 394 \u00e9quipement en num\u00e9rique et en 3D dans les deux salles Comptoir confiserie : Oui Acc\u00e8s aux personnes \u00e0 mobilit\u00e9 r\u00e9duite &nbsp; Plan d&rsquo;acc\u00e8s Agrandir le plan&nbsp; L&rsquo; historique Cr\u00e9ation en 1984, deux salles. Les deux salles sont r\u00e9nov\u00e9es \u2026 <a class=\"continue-reading-link\" href=\"http:\/\/le-rohan.fr\/cinewp4\/le-cinema\/\"> Continue reading <span class=\"meta-nav\">&rarr; <\/span><\/a><\/p>\n","protected":false},"author":1,"featured_media":0,"parent":0,"menu_order":0,"comment_status":"closed","ping_status":"closed","template":"","meta":{"footnotes":""},"class_list":["post-33","page","type-page","status-publish","hentry"],"_links":{"self":[{"href":"http:\/\/le-rohan.fr\/cinewp4\/wp-json\/wp\/v2\/pages\/33","targetHints":{"allow":["GET"]}}],"collection":[{"href":"http:\/\/le-rohan.fr\/cinewp4\/wp-json\/wp\/v2\/pages"}],"about":[{"href":"http:\/\/le-rohan.fr\/cinewp4\/wp-json\/wp\/v2\/types\/page"}],"author":[{"embeddable":true,"href":"http:\/\/le-rohan.fr\/cinewp4\/wp-json\/wp\/v2\/users\/1"}],"replies":[{"embeddable":true,"href":"http:\/\/le-rohan.fr\/cinewp4\/wp-json\/wp\/v2\/comments?post=33"}],"version-history":[{"count":3,"href":"http:\/\/le-rohan.fr\/cinewp4\/wp-json\/wp\/v2\/pages\/33\/revisions"}],"predecessor-version":[{"id":37,"href":"http:\/\/le-rohan.fr\/cinewp4\/wp-json\/wp\/v2\/pages\/33\/revisions\/37"}],"wp:attachment":[{"href":"http:\/\/le-rohan.fr\/cinewp4\/wp-json\/wp\/v2\/media?parent=33"}],"curies":[{"name":"wp","href":"https:\/\/api.w.org\/{rel}","templated":true}]}}